
12
Suppose -3*c - 48 = 3*x, 3*c + 20 = -x + 4*c. Let r be (12/9 - 1) + (-1110)/x. Calculate the highest common factor of 620 and r.
62
Suppose 3*z = -96 - 252. Let f = z + 114. Let d(n) = 47*n**2 - 4*n - 6. Let r be d(f). What is the greatest common divisor of r and 10?
10
Let i(a) = 4*a - 84. Let b be i(28). Let s(h) = 8*h**2 + 3 - 1 - 5*h - 6*h. Let j be s(6). What is the highest common factor of b and j?
28
Let g be (-496)/((-44)/11) + -14. Calculate the greatest common divisor of 40 and g.
10
Suppose 3*u - 5*r - 45 = u, -5*r - 65 = -3*u. Suppose u*y - 40 = 40. What is the highest common divisor of 64 and y?
4
Let h = 425 + -362. Let w be 24/27 - (-7)/h. Calculate the greatest common factor of 75 and w.
1
Let k(y) = -1512*y**3 + 41*y**2 + 42*y + 2. Let z be k(-1). Calculate the greatest common divisor of 272 and z.
17
Suppose 2*m + 4*h = h + 15, 0 = -3*h + 15. Suppose m = 11*z + 6*z - 238. Calculate the highest common divisor of z and 7.
7
Let v = -170 - -172. Suppose v*n - 7*n + 210 = 0. Calculate the highest common divisor of n and 98.
14
Suppose -62*g + 45*g + 15776 = 0. Calculate the highest common divisor of 96 and g.
32
Let z = 37 - 39. Let w be (-126)/(-70)*(7 + z). Let k = 5 + -2. Calculate the highest common divisor of k and w.
3
Let m = 12736 + -8843. Calculate the greatest common factor of m and 51.
17
Let c = -762 - -418. Let q = c + 378. What is the greatest common divisor of 4 and q?
2
Let s(q) = -3*q**3 - 4*q**2 - 2*q + 2. Let o be s(-2). Calculate the highest common factor of 198 and o.
2
Let l = 16730 + -2123. What is the greatest common divisor of 27 and l?
27
Let u = -3 + 4. Suppose 31*w - 60 = 28*w - 4*v, 48 = 5*w - 2*v. What is the highest common factor of u and w?
1
Suppose 2*a - 5 = 1. Suppose -1 = h - 4*l - 13, l = a*h - 25. Suppose 0 = -3*g - 5*t + 96, -6*t + 51 = 2*g - 13. What is the greatest common divisor of g and h?
8
Let m be (11 - (-1456)/105) + (-28)/15 + 2. Suppose -4*s + 6*s = 18. Let f(c) = 2*c + 7. Let w be f(s). Calculate the greatest common factor of m and w.
25
Let q be 17/2*(-66 + 90). Calculate the highest common factor of q and 48.
12
Suppose -614 = -3*g + 2*q + 962, 2*g = -5*q + 1019. What is the greatest common factor of 9831 and g?
87
Let h be ((-40)/12)/(8/12) - -2134. What is the greatest common factor of h and 1?
1
Let k(h) = -161*h + 7061. Let q be k(18). Calculate the highest common factor of 543 and q.
181
Let a(v) = v + 29*v - 4 + 0*v**2 - v**2 - 5*v. Let y be a(10). Let p = -98 + y. Calculate the greatest common divisor of 8 and p.
8
Let i = -3856 - -5405. Suppose 3*g = 479 + i. What is the highest common factor of g and 52?
52
Suppose 5*o - 5*x = 2745, -4*o - 2*x - 255 + 2433 = 0. What is the greatest common factor of o and 294?
42
Let x(z) be the second derivative of -z**4/3 - 2*z**3 + 2*z + 23. Let k be x(-2). What is the greatest common factor of 416 and k?
8
Let n = 1554 + -1546. Calculate the highest common factor of n and 568.
8
Suppose 5*j = 5*s + 19385, -j - 4*s + 5477 = 1595. Calculate the highest common divisor of 42 and j.
14
Let g(a) = -a**2 - 23*a + 14. Let u be g(-23). Let t = 97 - -18. Suppose 2*f - t = -31. What is the greatest common factor of f and u?
14
Let y be -2 + 3 + (10 - 8). Suppose a - 6*a - y*q = -840, -2*a + 305 = -5*q. What is the highest common divisor of 99 and a?
33
Let l(n) = n**3 - 8*n**2 - 5*n - 3. Let a be l(8). Let y = -51 - a. Let d be (y/(-10))/(3/15). Calculate the greatest common divisor of d and 10.
2
Suppose 0 = -8*y + 13*y + 20. Let o(t) = 17*t**2 - t - 11. Let d be o(y). Calculate the greatest common divisor of 106 and d.
53
Suppose -3*i + 34 = 145. Let x = -5 - i. Calculate the greatest common factor of 1 and x.
1
Let o = -23714 - -26165. Calculate the highest common divisor of 129 and o.
129
Let m be (-16)/(-10) - -4*3/30. Let k be (11 + -1 + m)/((-88)/(-396)). What is the highest common divisor of k and 72?
18
Let r(k) = -8*k**3 - 11*k**2 - 21*k - 8. Let n be r(-8). Let i be (-5)/35 + -4 + n/21. What is the highest common factor of 55 and i?
55
Let i = -176 + 206. Suppose -4*n + 122 = -5*c, n - c - i = -0*n. Calculate the greatest common factor of 56 and n.
28
Suppose 10150 = -243*x + 268*x. What is the greatest common divisor of x and 14?
14
Suppose -1465*c + 2598 = -1455*c + 468. What is the highest common factor of 4757 and c?
71
Let x = 20413 + 6059. What is the highest common factor of 24 and x?
24
Let h(k) = k**2 - 9*k + 20. Let q be h(10). Let z be (-120)/(4/16*-2). Suppose 5*w = -5*p + z, -4*w = 2 - 14. What is the greatest common divisor of p and q?
15
Let d = 22917 + -20847. What is the greatest common factor of d and 270?
90
Suppose x + 0*x = 42. Suppose -16 = -4*y + 2*l, -2 = l + 2. Let z be (-7)/(y*(-6)/12). What is the greatest common factor of x and z?
7
Let a = 23 - -4. Suppose -12*s = -16*s - 548. Let c = 173 + s. What is the greatest common factor of c and a?
9
Let k(i) = -i**3 - 3*i**2 + 3. Let f be k(-3). Suppose -s - 4*s + 4*p + 78 = 0, f*p = -4*s + 50. Calculate the highest common divisor of s and 42.
14
Let b(j) = 2*j**2 - 29*j - 4. Suppose -4*c = -46 - 2. Let d be b(c). Let g be -3 - 3/(12/d). What is the highest common divisor of 26 and g?
13
Let d(c) = -11*c**3 - c + 8. Let y be d(0). Suppose -8*z + 5*z + 69 = -3*r, -z + 4*r + y = 0. What is the greatest common divisor of z and 12?
4
Let h = -4264 - -4360. What is the highest common divisor of h and 1068?
12
Let z(q) = -47*q - 122. Let p(w) = w**2 - 2*w - 14. Let c be p(-2). Let d be z(c). Calculate the highest common factor of 120 and d.
40
Let t(s) = -s**3 + 3*s**2 - s - 7. Let q be t(-7). Let g = 4348 - 4334. What is the highest common divisor of q and g?
14
Let q be (-26)/4*(-54560)/2860. Calculate the greatest common divisor of 4464 and q.
124
Suppose -7*r + 26291 = 24086. What is the highest common factor of 77 and r?
7
Let y(q) = 6325*q - 958. Let b be y(3). What is the highest common factor of b and 43?
43
Let k be (-8)/2 - (-1 + -3 + -2). Let m be (-18)/42 + k/14*-361. Let z = -30 - m. Calculate the greatest common divisor of 55 and z.
11
Let a be 7 - 9 - (2 + -2). Let z be 6/(-3) + (1 - a) + 20. What is the highest common divisor of 15 and z?
3
Let i(o) = 2*o + 27. Let v = 84 + -82. Suppose -v*n = -q + 15, 2*q = 2*n - 5*n - 19. Let s be i(n). Calculate the greatest common divisor of s and 13.
13
Let w = -4778 + 4897. What is the highest common factor of w and 289?
17
Let y be (3 - 0)*(-2)/15 + 1018320/300. What is the greatest common divisor of y and 2?
2
Let y = 10584 - 10504. What is the greatest common factor of 22640 and y?
80
Let t(y) = -70*y - 655. Let v be t(-13). Calculate the greatest common factor of 3145 and v.
85
Suppose -27*y + 6*y = -147. Let n be ((-5)/2)/(-5)*252. Let t be 124/9 - (-28)/n. What is the greatest common divisor of t and y?
7
Let d = -80 + 140. Let f = 73 + d. Calculate the greatest common divisor of f and 38.
19
Suppose -q + 29 = -1555. Calculate the highest common factor of 99 and q.
99
Suppose 0 = 28*p - 4890 + 1530. Calculate the greatest common factor of 1260 and p.
60
Suppose -292*j = -287*j - 12 - 33. What is the greatest common divisor of 594 and j?
9
Suppose -4668 = -30*p + 28*p + 4*f, -3*f = -9. What is the greatest common divisor of p and 360?
180
Let j be 1/((-13)/14144*-8). Calculate the greatest common factor of j and 216.
8
Suppose -196*u + 191*u = -2*v - 2, -3*u = -5*v + 14. What is the greatest common divisor of 379 and u?
1
Suppose 25*a - 2*u - 386 = -5*a, a - 17 = -2*u. Calculate the highest common divisor of a and 24622.
13
Suppose 435061 = 67*k - 1118468. Calculate the highest common divisor of k and 131.
131
Suppose 0 = 4*b - 5*t - 160, -92*b = -94*b - 3*t + 124. What is the highest common factor of 4850 and b?
50
Let l be 21/(-70) + (-1398)/(-60). Let n(b) = -2*b**2 + 45*b + 55. Let h be n(l). What is the highest common factor of 4 and h?
4
Suppose 32*d + 72 = 4*z, -30*z + 26*z - 4*d + 396 = 0. What is the highest common divisor of 4250 and z?
10
Let g(o) = o**2 + 16*o + 40. Let b be g(-13). Let r be b/(2*-3) + (-10106)/(-372). What is the greatest common factor of 90 and r?
9
Suppose -2*p - 2*u + 108 = 0, -u = 5*p - 37 - 221. What is the highest common divisor of p and 51?
51
Let p = -4235 - -425